 highest common divisor of 49 and 637.
49
Calculate the highest common divisor of 121 and 33.
11
What is the greatest common divisor of 63 and 2184?
21
Calculate the greatest common divisor of 141 and 6.
3
What is the highest common factor of 20 and 1764?
4
Calculate the highest common factor of 278 and 1.
1
Calculate the highest common divisor of 306 and 126.
18
Calculate the highest common divisor of 59 and 649.
59
What is the greatest common divisor of 42192 and 288?
144
What is the highest common factor of 1127 and 294?
49
What is the greatest common divisor of 3484 and 104?
52
What is the greatest common factor of 66 and 174?
6
What is the greatest common divisor of 35 and 3080?
35
Calculate the highest common factor of 432 and 1788.
12
Calculate the greatest common divisor of 979 and 22.
11
What is the greatest common divisor of 1810 and 10?
10
What is the highest common divisor of 66 and 24?
6
What is the highest common factor of 272 and 782?
34
Calculate the greatest common factor of 58 and 14.
2
What is the greatest common divisor of 20 and 3060?
20
Calculate the greatest common divisor of 126 and 2310.
42
Calculate the greatest common factor of 19 and 57.
19
Calculate the highest common divisor of 8 and 32.
8
Calculate the greatest common divisor of 10735 and 95.
95
What is the greatest common factor of 136 and 1938?
34
What is the greatest common factor of 53450 and 50?
50
Calculate the greatest common factor of 737 and 67.
67
What is the highest common factor of 3 and 27?
3
Calculate the highest common factor of 837 and 93.
93
What is the greatest common divisor of 39 and 455?
13
What is the highest common factor of 16 and 67856?
16
What is the greatest common factor of 26916 and 24?
12
Calculate the greatest common factor of 37352 and 29.
29
Calculate the greatest common factor of 555 and 9.
3
Calculate the greatest common factor of 57 and 39.
3
Calculate the highest common factor of 4940 and 1900.
380
Calculate the greatest common factor of 1582 and 113.
113
What is the highest common divisor of 5472 and 38?
38
What is the greatest common factor of 506 and 286?
22
What is the highest common divisor of 26 and 52?
26
Calculate the greatest common divisor of 13 and 793.
13
Calculate the highest common factor of 30 and 3620.
10
What is the greatest common factor of 920 and 322?
46
What is the highest common factor of 75 and 7725?
75
What is the greatest common factor of 15 and 2235?
15
What is the highest common factor of 539 and 49?
49
What is the greatest common divisor of 215 and 52245?
215
Calculate the highest common divisor of 270 and 10.
10
What is the highest common factor of 32 and 208?
16
What is the highest common factor of 118 and 177?
59
What is the highest common divisor of 778 and 2?
2
Calculate the greatest common divisor of 608 and 114.
38
What is the greatest common divisor of 5840 and 6205?
365
What is the greatest common divisor of 27475 and 175?
175
Calculate the highest common divisor of 97 and 13483.
97
What is the highest common divisor of 17 and 629?
17
Calculate the greatest common factor of 32 and 1168.
16
What is the highest common factor of 1125 and 18?
9
Calculate the highest common divisor of 192 and 144.
48
Calculate the highest common divisor of 23100 and 231.
231
What is the highest common divisor of 34 and 40?
2
What is the highest common divisor of 3 and 1263?
3
What is the greatest common factor of 161 and 1288?
161
What is the greatest common divisor of 686 and 196?
98
Calculate the greatest common factor of 127 and 3.
1
Calculate the highest common factor of 380 and 2432.
76
Calculate the highest common factor of 70 and 455.
35
What is the greatest common divisor of 171 and 27?
9
Calculate the greatest common divisor of 432 and 3780.
108
What is the highest common divisor of 224 and 64?
32
Calculate the greatest common factor of 5707 and 13.
13
Calculate the greatest common factor of 1339 and 721.
103
What is the highest common factor of 136 and 200?
8
What is the greatest common divisor of 371 and 212?
53
What is the highest common factor of 63 and 9?
9
What is the highest common factor of 810 and 225?
45
Calculate the highest common divisor of 1089 and 9.
9
What is the greatest common factor of 20 and 30980?
20
What is the highest common divisor of 5211 and 54?
27
What is the highest common factor of 15 and 23685?
15
Calculate the highest common factor of 21 and 1344.
21
What is the greatest common divisor of 55 and 85?
5
Calculate the highest common factor of 5440 and 85.
85
Calculate the greatest common factor of 10 and 20.
10
Calculate the greatest common divisor of 395 and 237.
79
What is the greatest common factor of 70 and 28?
14
What is the greatest common factor of 2236 and 26?
26
What is the greatest common divisor of 3161 and 872?
109
What is the greatest common factor of 31 and 434?
31
What is the greatest common divisor of 451 and 22?
11
What is the highest common divisor of 106 and 583?
53
Calculate the greatest common factor of 1926 and 36.
18
What is the greatest common divisor of 14 and 262?
2
What is the highest common divisor of 1403 and 46?
23
What is the greatest common factor of 14 and 42?
14
What is the highest common factor of 22 and 517?
11
Calculate the highest common divisor of 740 and 40.
20
Calculate the greatest common divisor of 30098 and 404.
202
Calculate the highest common factor of 9664 and 128.
64
What is the highest common divisor of 53 and 106?
53
What is the greatest common factor of 1120 and 175?
35
What is the highest common divisor of 54 and 6?
6
Calculate the highest common factor of 4399 and 249.
83
What is the highest common divisor of 825 and 16005?
165
Calculate the greatest common factor of 2595 and 45.
15
What is the greatest common factor of 275 and 75?
25
Calculate the greatest common factor of 3 and 6.
3
Calculate the highest common factor of 4431 and 21.
21
What is the greatest common factor of 98 and 56?
14
What is the greatest common divisor of 516 and 168?
12
What is the highest common factor of 80 and 3140?
20
Calculate the greatest common divisor of 24 and 564.
12
Calculate the highest common factor of 22 and 36674.
22
Calculate the greatest common factor of 56 and 6748.
28
Calculate the greatest common divisor of 1004 and 6777.
251
Calculate the greatest common factor of 7098 and 126.
42
What is the highest common divisor of 2343 and 33?
33
Calculate the greatest common factor of 60 and 444.
12
What is the greatest common factor of 2020 and 28?
4
Calculate the highest common factor of 448 and 92.
4
Calculate the highest common divisor of 41 and 19311.
41
Calculate the highest common divisor of 5010 and 30.
30
Calculate the highest common factor of 10 and 505.
5
Calculate the greatest common factor of 130 and 286.
26
What is the highest common divisor of 132 and 576?
12
Calculate the highest common divisor of 950 and 19.
19
Calculate the highest common divisor of 108 and 306.
18
What is the highest common divisor of 96 and 18?
6
Calculate the greatest common divisor of 1008 and 63.
63
What is the highest common factor of 4 and 316?
4
Calculate the highest common divisor of 560 and 5390.
70
What is the highest common divisor of 1378 and 4?
2
What is the highest common divisor of 3969 and 588?
147
What is the highest common divisor of 76 and 4921?
19
Calculate the highest common divisor of 51 and 11747.
17
Calculate the greatest common factor of 10450 and 11.
11
What is the highest common divisor of 52 and 3692?
52
Calculate the highest common divisor of 204 and 3774.
102
What is the greatest common divisor of 113180 and 20?
20
Calculate the highest common factor of 29 and 17632.
29
Calculate the greatest common factor of 110 and 495.
55
Calculate the greatest common divisor of 56 and 28.
28
What is the greatest common factor of 24 and 4332?
12
What is the greatest common divisor of 228 and 1368?
228
Calculate the highest common divisor of 351 and 297.
27
What is the greatest common factor of 88 and 1496?
88
What is the highest common divisor of 732 and 4148?
244
What is the highest common factor of 1450 and 58?
58
What is the highest common factor of 1943 and 67?
67
What is the greatest common divisor of 5560 and 417?
139
What is the